 digit of i?
4
Suppose 2*n + 8 = -d, -4*d - 14 = 4*n + 26. Let q be 3/(-6)*-1*d. What is the units digit of (10/4)/(q/(-12))?
5
Let b(k) = k**3 - 8*k**2 + k - 3. Let c be b(6). Let q = c + 41. Let h = -19 - q. What is the units digit of h?
9
Let p be (-28)/6*(-42)/49. Suppose p*x + 45 = 1. Let o = 12 + x. What is the units digit of o?
1
Let d(o) = -o**2 - 7*o + 10. Let i = 15 + -23. Let l be d(i). What is the units digit of 45/l*24/10?
4
Let d = 1320 + -884. What is the tens digit of d?
3
Suppose 2*z - 5*z + 619 = 4*n, 4*z = -3*n + 830. What is the units digit of z?
9
Let d be (43/4)/(1/4). Let z(l) = -d - 2*l**2 + 47 + 3*l**2 - 6*l. What is the units digit of z(6)?
4
Suppose 23*r = -4*g + 21*r + 5894, -5*g = 3*r - 7367. What is the units digit of g?
4
Let j(b) = b**3 - 3*b**2 - 4*b + 7. Let r(k) = 3*k**3 - 9*k**2 - 13*k + 22. Let c(d) = -8*j(d) + 3*r(d). What is the hundreds digit of c(7)?
1
Let b(c) = -2*c - 7. Let n be b(-7). Suppose -n*a = -9*a. Suppose a = -4*r + 5*r - 28. What is the tens digit of r?
2
Let m(h) be the first derivative of h**4/8 - 7*h**3/6 - 3*h**2 + 1. Let r(t) be the second derivative of m(t). What is the units digit of r(6)?
1
Suppose -3961 = -4*d - 3*v, -7*v - 10 = -5*v. What is the tens digit of d?
9
Let u(k) be the third derivative of -k**5/60 - 5*k**4/24 - k**3/3 - k**2. Let t be u(-3). What is the tens digit of 141*(4/t)/3?
4
Let o(y) = -4*y**3 - 2*y**2 + y. Let v be o(1). Let r(g) = -g**3 - 3*g**2 + 4*g - 6. What is the units digit of r(v)?
4
Suppose -3*l - 3*l - 1644 = 0. Let a = -177 - l. What is the tens digit of a?
9
Let y(d) = -117*d**3 - 3*d**2 - d + 1. Let n be y(-1). Let f = 169 - n. What is the tens digit of f?
5
Let s = -16 - -20. Suppose s*q - 15 = q. Suppose -b + 57 = -q*c, -1 = 3*b - 4*c - 194. What is the tens digit of b?
6
Suppose -7 = -5*k + 248. Suppose -7*q = 4*w - 2*q - 36, -4*w = q - 52. Suppose k = 5*r - w. What is the units digit of r?
3
Suppose 60 - 72 = -4*t. Suppose 3*c = -3*g + 6, -t*c + 39 = -c - 5*g. What is the units digit of c?
7
Suppose 13*a = 7*a + 2952. What is the units digit of a?
2
Suppose -86266 = -22*j - 10168. What is the hundreds digit of j?
4
Let b be (-5)/(10/(-6)) + -17. Let x = b - -9. What is the units digit of (-60)/25*x/2?
6
What is the tens digit of -2 + (-40)/(-1) + -7 + 8?
3
Let b be (-10)/(-3)*27/15. Suppose 0 - b = 2*v. What is the units digit of 6 - (v - 0/1)?
9
Let f(q) = -380*q**3 - 2*q**2 + 11*q + 20. What is the tens digit of f(-2)?
3
Let w(b) = 45*b**2 + 8*b - 11. What is the units digit of w(4)?
1
Let y(t) = 2*t + 1. Let x be y(5). Let u be (-13 + 16)*16/3. Let h = u + x. What is the tens digit of h?
2
Let u be 5 + 2 + 3/(-1). Suppose -108 = -u*b - 28. Suppose r = i + b, 2*r - 4*i - 29 = 17. What is the units digit of r?
7
Let f(n) = 6*n**3 - n**2 - 3*n - 9. What is the units digit of f(4)?
7
What is the hundreds digit of -4 - (-4 + -1142)/6?
1
Suppose 24 = 8*i + 968. Let o = -38 - i. What is the tens digit of o?
8
Let w(k) = 56 - 58*k + 0*k - 112 + 60. What is the tens digit of w(-3)?
7
Let r(k) = 2*k**3 + 6*k**2 - 2*k - 13. Let a(j) = 10*j**3 + 30*j**2 - 10*j - 66. Let p(v) = 2*a(v) - 11*r(v). What is the tens digit of p(-5)?
0
Suppose 5*y = 0, -5*t + 12 + 8 = 5*y. Suppose 0*o + t = o. Suppose -5*d = -3*c + 88, 2*c - 17 = -d - o*d. What is the tens digit of c?
2
Let u(h) = -5*h**3 + 28*h**2 - 38. What is the tens digit of u(-8)?
1
Let c(d) = -d**3 - d**2 - d + 272. Let o be c(0). Let m = 528 + -509. Suppose -23*j + o = -m*j. What is the units digit of j?
8
What is the tens digit of (-30)/35 - (-38382)/42?
1
Let i(n) = n**3 - 13*n**2 + 12*n. Suppose f + 84 = 8*f. Let h be i(f). Suppose 4*t - 57 - 123 = h. What is the tens digit of t?
4
Suppose 529*u - 537*u = -12024. What is the hundreds digit of u?
5
What is the units digit of 124*-4*(-152)/128?
9
Suppose 2*y = 2*q + 2160, 3*y - 9*q + 5*q - 3235 = 0. What is the units digit of y?
5
Let i(c) be the third derivative of -c**4/24 + 2*c**3/3 - 2*c**2. Let d(s) = 2*s - 7. Let r(m) = 2*d(m) + 5*i(m). What is the tens digit of r(-4)?
1
Let h(w) = 37*w**2 + 2*w - 3. Let y be -2 + 3/5*5. What is the units digit of h(y)?
6
Suppose -2*x - 3*w - 421 = -1872, -2*x = 4*w - 1446. Suppose -n - 4*n + x = -2*z, 572 = 4*n + 2*z. What is the units digit of n?
5
Let k(i) = 19*i**2 - i - 10. Let t be k(-3). Let x = 230 - t. What is the units digit of x?
6
Let k = -4 + 2. What is the tens digit of (89/k)/((-13)/26)?
8
Let u = -5579 - -11443. Suppose -2*m + u = 2*m. What is the units digit of m/30 - 10/(-75)?
9
Let a(d) be the third derivative of -d**6/120 + 2*d**5/15 + d**4/6 - d**3/3 + 4*d**2. What is the tens digit of a(4)?
7
What is the thousands digit of (2*(-8571)/6)/(-1)?
2
Suppose -5*r + 29 = y - 3, -4*y - 2*r = -56. Let q = y - 24. Let m = 30 + q. What is the tens digit of m?
1
Let p(o) = -o + 68. Let g(b) = -b**3 - 4*b**2 - b - 10. Let w be g(-5). What is the tens digit of p(w)?
4
Let p = 54 + 110. Suppose 0 = u - 0*u + 3*d - p, 0 = 2*u + 3*d - 343. What is the tens digit of u?
7
Suppose -5*a - 14*a + 81339 = 0. What is the tens digit of a?
8
Let m = -331 + 412. What is the units digit of m?
1
Suppose 0 = 4*u - 2*w + 126, 3*w - 10 + 1 = 0. Let a = u + 15. What is the tens digit of -3 - (-5)/(a/(-63))?
1
What is the units digit of (-27)/(-6) + 2/4?
5
Let p = -51 - -14. Let s = 44 + p. What is the units digit of s?
7
Let n(v) = 3*v - 45. Let s be n(12). Let o = -11 + 7. What is the units digit of o/((-24)/s)*-4?
6
Let y = -2266 + 4436. What is the tens digit of y?
7
Suppose -16 = -5*o + 14. Let r(h) = 9*h + 3. What is the tens digit of r(o)?
5
Let i(v) = -v**2 + 3*v + 150. What is the units digit of i(13)?
0
Let i(j) = -4*j - 3. Let s be i(-2). Let h(u) = -3*u. Let k be h(-12). Suppose -a + 2*a - 106 = -s*x, 2*x + 2*a - k = 0. What is the tens digit of x?
2
Let k(m) = m**3 - 21*m**2 - 9*m - 17. Let t = -4 + 26. What is the tens digit of k(t)?
6
Suppose -5*a + 2 = l - 1, 0 = -4*a - 4*l - 4. What is the units digit of a/((-1135)/285 + 4)?
7
Let o be 1 + -4 - -2 - -3. Suppose -4*x + v = -x + 146, -192 = 4*x - o*v. Let n = x - -90. What is the tens digit of n?
4
What is the units digit of (-48496)/(-72) - 16/(-36)?
4
Suppose 0 = -6*o - 2 - 4. What is the tens digit of o*4/20 - 3363/(-15)?
2
Suppose -4*w - 2*v + 4781 = -5171, -5*v = -10. What is the thousands digit of w?
2
Suppose 4*j = -4*q - 20, -2*q = 4*j - 9*j - 18. Let i = 1 - j. Suppose -8*m + 230 = -3*m - 5*u, 2*u = i*m - 230. What is the units digit of m?
6
Let k(b) = 20*b + 2. Let t be k(4). Suppose 58*l - 66*l = 0. Suppose l = 3*s - 3*r - 99, 0 = 5*s - 4*r - 78 - t. What is the tens digit of s?
2
Let a(t) = -3*t**3 - 4*t**2 + 2*t**3 + 5*t**2 + 2*t**3. Let q(b) = 6*b**3 + 18*b**2 - 16*b - 14. Let y(p) = -5*a(p) + q(p). What is the tens digit of y(-14)?
1
Suppose 15*t - 8*t = -756. Let u be 1/(139/(-69) + 2). Let y = u - t. What is the tens digit of y?
3
Let j be (-3 - 1)/(-1) + -4. Suppose 3*k - 3*h + j*h = 21, 5*h + 26 = 2*k. Suppose 6*s - 142 = -5*g + 3*s, -3*s - 90 = -k*g. What is the units digit of g?
9
Let k = -781 - -915. What is the units digit of k?
4
Suppose 35 = -5*j - 5*c, -2*j - 8 = 3*j - 4*c. Suppose 5*z + 103 = -67. Let w = j - z. What is the tens digit of w?
3
Let p(z) = z**2 + 12*z + 26. Let h be p(-8). What is the units digit of 4170/45 - (-4)/h?
2
Suppose 3*b - f = -7, 3*f = b - 3*b - 23. Let p be ((-6)/3)/(b/8). Suppose 0 = -2*c + p*c - 30. What is the tens digit of c?
1
Let r(b) = 53*b**2 + 3*b + 4. Let u be r(-2). Suppose -u = -6*z + 36. What is the tens digit of z?
4
Let h(z) = z**2 + 6*z - 5. Let a be h(-7). Let q = 173 - -62. Suppose -a*s + 7*s = q. What is the units digit of s?
7
Suppose -3*c - 12429 = -5*m, 2*c + 12426 = -3*m + 8*m. What is the units digit of m?
4
Let b(u) = -6*u**2 - u. Let m be b(-1). Let w be (-2855)/(-25) - (-1)/m. Suppose 5*t - w = 66. What is the units digit of t?
6
Suppose -5*d - 25 = 0, 0 = -2*b + 2*d + 9206 - 1334. What is the thousands digit of b?
3
Suppose 5555 = 20*w - 11705. What is the units digit of w?
3
Suppose -28 - 4 = -4*y. Suppose -y = -g - 0. Suppose g*t - 45 = 3*t. What is the units digit of t?
9
Let o = 45 - 6. Suppose -24 = -3*g + o. Suppose -5*a = -2*a - g. What is the units digit of a?
7
Let j